 = -t + 5*i, 118*t - 5*i = 121*t - 271. Let o be -5 + 4 + -1*1. Let u(z) = -10*z - 1. Calculate the remainder when t is divided by u(o).
16
Let l be 4/16 + 2452/(-16). Let h be 14 - (1/(-4) - l/36). Suppose 0 = -9*f + 298 - h. Calculate the remainder when f is divided by 5.
2
What is the remainder when 703 is divided by 350 + (-441)/84*4?
45
Calculate the remainder when 2133 is divided by ((-10)/(-2) + -4 + 2)*2 - -5.
10
Suppose s - 3*v - 12 = -2*s, 3*s = -v + 4. Suppose -s*p = -p - 64. Suppose 8*k - 536 = p. What is the remainder when k is divided by 20?
15
Let h = 10553 + -10165. Calculate the remainder when 1197 is divided by h.
33
Let r(q) be the third derivative of 1/60*q**5 + 2/3*q**4 + 14*q**2 + 0 + 0*q - 4*q**3. What is the remainder when 58 is divided by r(-18)?
10
Let i(v) = -v**3 - v**2 + 2*v - 1. Let j be i(0). Let a = 79 + -52. What is the remainder when -1 + 99 + 2/j*-2 is divided by a?
21
What is the remainder when 490 is divided by (15/(-4))/(4/24 - 5/24)?
40
Suppose -4*o + 110 = 2*p, -5*o + 92 + 18 = -3*p. Suppose 2*k - 528 = -2*s - 3*s, -4*s = -5*k + 1386. Calculate the remainder when k is divided by o.
24
Let o be (34/10)/((-62)/(-10) - 6). Suppose -4*g = -3*a + 6*a - 31, -a = 3*g - o. What is the remainder when 27 is divided by g?
3
Calculate the remainder when 2/(22/18757) + ((-252)/99)/14 is divided by 152.
33
Suppose 5*u + 480 = 5*q, 5*u = -2*q + 78 + 107. Let z(r) = -11*r**3 - 2*r**2 + 3. Calculate the remainder when z(-3) is divided by q.
92
Calculate the remainder when (222*13)/6 - (-4)/(1 + 1) is divided by 154.
21
Let s(u) = 9*u**2 - 1. Let j be -1 - (1 + -1)/3. Let z be s(j). Suppose -31 + 167 = z*t. What is the remainder when 29 is divided by t?
12
What is the remainder when -1 + -4 - (7/(-4) + (-24878)/56) is divided by 34?
33
Suppose 2*m - 24*w = -29*w + 29, -2*m + 5*w = -19. What is the remainder when 1873 is divided by m?
1
Suppose 0 = -3*f + j + 650, -2*f - 54*j + 440 = -56*j. Calculate the remainder when f is divided by 68.
11
Calculate the remainder when (222/(-1))/((-279)/4092) is divided by 12.
4
Let y(r) = 10*r. Let k = -35693 + 35706. Calculate the remainder when y(3) is divided by k.
4
Suppose -135*b = -12845 - 47905. What is the remainder when b is divided by 220?
10
Let o(r) = 10*r + 62. Let u(w) = -10*w - 62. Let x(a) = -4*o(a) - 5*u(a). Calculate the remainder when x(24) is divided by 18.
14
Let z(a) be the first derivative of -a**4/4 - 3*a**3 - 5*a**2 - 527. Let s = -12 - -4. Calculate the remainder when z(s) is divided by 6.
4
Suppose 0 = -41*c + 46*c - 600. Let q = 168 - c. Suppose 0 = -16*u + 10*u + q. Calculate the remainder when 55 is divided by u.
7
Let d be (-17)/2*((-10)/(-2) + -9). Let t = d + -76. Let b = t + 80. What is the remainder when b is divided by 21?
17
Suppose -3694 = -71*r + 5678. What is the remainder when 169 is divided by r?
37
Let p(n) = n**3 - 50*n**2 - 55*n + 216. Suppose 5*a - s = 255, 102 = 2*a + 3*s - 2*s. Calculate the remainder when 46 is divided by p(a).
10
Let i be (1 - 11/(-2))*(16 - 14). Let v(o) = o**2 - i - 4 + 25*o - 6*o. What is the remainder when 5 is divided by v(-20)?
2
Suppose -7*p - 4 = -6*p. What is the remainder when (-10 - p) + 5 - -82 is divided by ((-6)/4)/((-9)/72)?
9
Suppose 27*s - 1472 = -27*s + 1120. What is the remainder when 203 is divided by s?
11
Suppose -c + 6 = -56. Let b = 85030 - 84789. What is the remainder when b is divided by c?
55
Let f(g) = -7*g + 118. Let d be f(17). Let l(p) = 12*p**2 - 6*p - 3. Calculate the remainder when 102 is divided by l(d).
12
Suppose 0 = 264*t - 153*t - 6216. Suppose 4*y + 5*q + 184 = 6*y, 188 = 2*y - 4*q. Calculate the remainder when y is divided by t.
46
Suppose -2*x - 4 - 8 = -v, 5*v - x = 24. Suppose w = -v*w + 65. Let l = w - -22. Calculate the remainder when 103 is divided by l.
33
Calculate the remainder when 808 is divided by (-125)/30 - -4 - 6/(108/(-1353)).
58
Suppose 3*u = 13*u - 260. Let n be (-5 + 2)/(54/u + -2). Calculate the remainder when 26*-1*(n/(-2))/(-13) is divided by 8.
7
Suppose 23*q = -0*q + 2990. Suppose -55*m - q = -57*m. What is the remainder when m is divided by 11?
10
Let d = 540 - 341. Let s = -12 - -14. Suppose 210 = 5*x - s*w, 0 = 7*x - 3*x - 4*w - 180. Calculate the remainder when d is divided by x.
39
Suppose -1364 = 43*i - 16156. What is the remainder when i is divided by 69?
68
Let z(u) = 7*u - 8. Let x be z(0). Calculate the remainder when (3 - (-9 - x)) + 462 is divided by 47.
43
Let w(m) = -11*m - 182. Let g be w(-17). Suppose 3*x = 4*n + 220, x - 3*n = -g*n + 70. Calculate the remainder when x is divided by 46.
26
Let b(q) = q**3 - 8*q**2 + 9*q - 6. Let n be b(7). Let w be -30*7/((-140)/n). Suppose -w = -u - 2. What is the remainder when 119 is divided by u?
9
Let m = -28670 - -29463. What is the remainder when 2393 is divided by m?
14
Calculate the remainder when 30/4*41/(2665/5382) is divided by 40.
21
Let c be 1316/2 - 3*(-10)/15. Let o = c + -644. Calculate the remainder when 687 is divided by o.
15
Let h = 218 + -142. Let o = h + -31. What is the remainder when 89 is divided by o?
44
Suppose 23373 = -14*a + 111*a - 34*a. What is the remainder when 1130 is divided by a?
17
Let g = -1712 - -1743. What is the remainder when 1577 is divided by g?
27
Suppose 0 = -3*q + 2*q + 251. What is the remainder when q is divided by 4/16 - (-7105)/140?
47
Suppose -4*j - 2*h = -46 - 138, -h - 216 = -5*j. Calculate the remainder when ((-2)/6)/((-10)/9210) is divided by j.
43
Let g(h) = -h**3 - 11*h**2 - 46*h - 344. What is the remainder when 29567 is divided by g(-10)?
15
Suppose x = 3*a + 16 - 27, 3*x + 2*a = -33. Suppose 40 = h + h. Calculate the remainder when ((-869)/(-33))/((-5)/(-4 + x)) is divided by h.
19
Let d = 4176 + -4155. Calculate the remainder when 155 is divided by d.
8
Let q(g) = g**2 + 19*g - 10. Let z be q(-11). Let i = z - -100. Suppose i = -2*k + 8. What is the remainder when 4 is divided by k?
1
Suppose 5*t - y - 10140 = 0, 3*t + y - 9639 = -3563. What is the remainder when t is divided by 26?
25
Let x(s) = -52*s + 7452. What is the remainder when x(124) is divided by 83?
8
What is the remainder when (-11)/(605/(-1422825)) + ((-216)/99)/4 is divided by 130?
129
Let f(n) be the second derivative of -21/2*n**2 + 15/2*n**3 - 26*n + 0. What is the remainder when f(5) is divided by 41?
40
Let o = 73 + -10. Suppose 3*b - o = -4*b. Suppose -4*v = 4*u - 25 + b, 4*u - 4 = 2*v. Calculate the remainder when u is divided by 1.
0
Suppose -c = -4*k - 131, -4*c + 655 = c - 5*k. What is the remainder when c is divided by (-301)/56*(-17 - -9)?
2
Let w = 34 - 45. Let g(i) = i**3 + 9*i**2 + i - 1. Let y be g(w). Calculate the remainder when (-3)/9 - y/6 is divided by 22.
20
Let y = -21 + 14. Let o = 14 + y. Suppose 3*z + 30 = d, 0 = 2*d - 7*d + z + 192. Calculate the remainder when d is divided by o.
4
Let x = 11170 + -11142. Calculate the remainder when 755 is divided by x.
27
Suppose 880 = -36*p + 25*p. Let d = -75 - p. What is the remainder when 34 is divided by d?
4
Suppose 0 = 4*h - 6*i - 7082, -5*h - 5*i + 2904 + 5911 = 0. Calculate the remainder when h is divided by 161.
156
Let a(x) = 5*x**2 - 11*x + 137. Calculate the remainder when a(7) is divided by 8.
1
What is the remainder when 677 is divided by 4 - -10*162/36?
40
Suppose -333*r - 66474 = -359*r - 24952. What is the remainder when r is divided by 40?
37
Let f(s) = -15*s - 24. Let a be f(3). Let m = -62 - a. Suppose 5*b = m*b - 32. What is the remainder when 31 is divided by b?
15
What is the remainder when 21757 is divided by 2/(((-142)/20448)/((-8)/18))?
125
Suppose 5*z + 4*x - 1167 = 0, 4*x - 242 = -2*z + 220. What is the remainder when 1191 is divided by z?
16
Let l(u) = 19 + 6 - 5*u + 4*u - 6. Let q be l(0). Suppose 144 - q = 5*w. What is the remainder when 96 is divided by w?
21
Suppose 0 = 6*o - 1058 - 286. Calculate the remainder when o is divided by 15.
14
Let n = -11243 - -11259. What is the remainder when (-12)/10*140/(-6) is divided by n?
12
What is the remainder when (-11 - (1 - 8))*(-57)/4 is divided by 1/(4 - 275/70) - -2?
9
Suppose 0 = 70*x - 80*x + 90. Suppose -5*d + 57 + 873 = 0. What is the remainder when d is divided by x?
6
Let d(m) = 4*m**2 - 6*m - 2. Suppose 78 = 2*g + 2*v, 3*g - 115*v